 of 3655.
5, 17, 43
List the prime factors of 23850.
2, 3, 5, 53
List the prime factors of 1391.
13, 107
List the prime factors of 3689.
7, 17, 31
What are the prime factors of 570?
2, 3, 5, 19
List the prime factors of 17669.
17669
List the prime factors of 57225.
3, 5, 7, 109
List the prime factors of 1838.
2, 919
List the prime factors of 28505.
5, 5701
What are the prime factors of 895?
5, 179
List the prime factors of 16447.
16447
List the prime factors of 28.
2, 7
What are the prime factors of 8339?
31, 269
List the prime factors of 264.
2, 3, 11
What are the prime factors of 4504?
2, 563
What are the prime factors of 83848?
2, 47, 223
What are the prime factors of 8213?
43, 191
What are the prime factors of 41340?
2, 3, 5, 13, 53
List the prime factors of 91177.
73, 1249
What are the prime factors of 10392?
2, 3, 433
List the prime factors of 5178.
2, 3, 863
List the prime factors of 90589.
157, 577
What are the prime factors of 12561?
3, 53, 79
List the prime factors of 19952.
2, 29, 43
What are the prime factors of 486?
2, 3
List the prime factors of 75990.
2, 3, 5, 17, 149
List the prime factors of 6688.
2, 11, 19
List the prime factors of 1687.
7, 241
List the prime factors of 171359.
349, 491
List the prime factors of 18341.
18341
List the prime factors of 54993.
3, 23, 797
List the prime factors of 4609.
11, 419
List the prime factors of 908.
2, 227
What are the prime factors of 38519?
13, 2963
List the prime factors of 3006.
2, 3, 167
What are the prime factors of 1936?
2, 11
What are the prime factors of 3168?
2, 3, 11
What are the prime factors of 122122?
2, 7, 11, 13, 61
What are the prime factors of 39835?
5, 31, 257
What are the prime factors of 30357?
3, 3373
List the prime factors of 1290.
2, 3, 5, 43
What are the prime factors of 5210?
2, 5, 521
List the prime factors of 1074.
2, 3, 179
What are the prime factors of 16874?
2, 11, 13, 59
What are the prime factors of 12742?
2, 23, 277
List the prime factors of 47286.
2, 3, 37, 71
What are the prime factors of 148?
2, 37
List the prime factors of 133226.
2, 29, 2297
What are the prime factors of 5634?
2, 3, 313
List the prime factors of 4032.
2, 3, 7
List the prime factors of 24646.
2, 12323
List the prime factors of 42520.
2, 5, 1063
List the prime factors of 759.
3, 11, 23
List the prime factors of 5481.
3, 7, 29
List the prime factors of 34729.
34729
List the prime factors of 16904.
2, 2113
What are the prime factors of 2045?
5, 409
List the prime factors of 34683.
3, 11, 1051
What are the prime factors of 1840?
2, 5, 23
What are the prime factors of 61734?
2, 3, 10289
What are the prime factors of 681?
3, 227
What are the prime factors of 6523?
11, 593
What are the prime factors of 1396?
2, 349
What are the prime factors of 699?
3, 233
What are the prime factors of 1090?
2, 5, 109
List the prime factors of 10922.
2, 43, 127
What are the prime factors of 58358?
2, 29179
What are the prime factors of 47182?
2, 31, 761
List the prime factors of 1030.
2, 5, 103
List the prime factors of 11409.
3, 3803
What are the prime factors of 47871?
3, 197
List the prime factors of 123140.
2, 5, 47, 131
What are the prime factors of 3918?
2, 3, 653
List the prime factors of 58771.
58771
List the prime factors of 2049.
3, 683
What are the prime factors of 4967?
4967
List the prime factors of 36746.
2, 19, 967
What are the prime factors of 1908?
2, 3, 53
What are the prime factors of 1924?
2, 13, 37
What are the prime factors of 1693?
1693
List the prime factors of 3578.
2, 1789
What are the prime factors of 29172?
2, 3, 11, 13, 17
What are the prime factors of 146?
2, 73
List the prime factors of 84991.
84991
List the prime factors of 15573.
3, 29, 179
List the prime factors of 140423.
140423
What are the prime factors of 614?
2, 307
List the prime factors of 101941.
7, 14563
What are the prime factors of 24953?
24953
What are the prime factors of 177726?
2, 3, 19, 1559
What are the prime factors of 98612?
2, 89, 277
What are the prime factors of 5181?
3, 11, 157
List the prime factors of 76932.
2, 3, 2137
What are the prime factors of 120493?
101, 1193
List the prime factors of 1445.
5, 17
What are the prime factors of 27565?
5, 37, 149
List the prime factors of 1146.
2, 3, 191
List the prime factors of 72702.
2, 3, 7, 577
List the prime factors of 5728.
2, 179
What are the prime factors of 5747?
7, 821
What are the prime factors of 131066?
2, 13, 71
List the prime factors of 4715.
5, 23, 41
List the prime factors of 6882.
2, 3, 31, 37
List the prime factors of 4573.
17, 269
What are the prime factors of 7591?
7591
What are the prime factors of 24152?
2, 3019
What are the prime factors of 73738?
2, 7, 23, 229
What are the prime factors of 946?
2, 11, 43
List the prime factors of 9736.
2, 1217
What are the prime factors of 10932?
2, 3, 911
List the prime factors of 3878.
2, 7, 277
List the prime factors of 11089.
13, 853
List the prime factors of 2011.
2011
List the prime factors of 1701.
3, 7
What are the prime factors of 737?
11, 67
What are the prime factors of 139204?
2, 13, 2677
List the prime factors of 39123.
3, 7, 23
What are the prime factors of 2077?
31, 67
List the prime factors of 24877.
24877
What are the prime factors of 615?
3, 5, 41
What are the prime factors of 159583?
53, 3011
What are the prime factors of 1607?
1607
What are the prime factors of 1867?
1867
What are the prime factors of 2983?
19, 157
What are the prime factors of 75178?
2, 37589
List the prime factors of 19097.
13, 113
What are the prime factors of 20818?
2, 7, 1487
What are the prime factors of 4839?
3, 1613
List the prime factors of 441.
3, 7
List the prime factors of 2295.
3, 5, 17
List the prime factors of 3413.
3413
What are the prime factors of 5459?
53, 103
List the prime factors of 2202.
2, 3, 367
List the prime factors of 5230.
2, 5, 523
List the prime factors of 2967.
3, 23, 43
List the prime factors of 8048.
2, 503
What are the prime factors of 3600?
2, 3, 5
What are the prime factors of 1085?
5, 7, 31
List the prime factors of 876.
2, 3, 73
What are the prime factors of 1483?
1483
List the prime factors of 12907.
12907
List the prime factors of 16976.
2, 1061
What are the prime factors of 1217?
1217
List the prime factors of 30414.
2, 3, 37, 137
List the prime factors of 175634.
2, 137, 641
What are the prime factors of 1372?
2, 7
What are the prime factors of 4166?
2, 2083
List the prime factors of 50780.
2, 5, 2539
What are the prime factors of 30364?
2, 7591
What are the prime factors of 51842?
2, 7, 23
What are the prime factors of 6466?
2, 53, 61
List the prime factors of 1572.
2, 3, 131
List the prime factors of 2948.
2, 11, 67
List the prime factors of 26380.
2, 5, 1319
What are the prime factors of 46386?
2, 3, 859
What are the prime factors of 9590?
2, 5, 7, 137
List the prime factors of 9502.
2, 4751
List the prime factors of 2359.
7, 337
List the prime factors of 31851.
3, 3539
List the prime factors of 5167.
5167
What are the prime factors of 1306?
2, 653
List the prime factors of 28497.
3, 7, 23, 59
List the prime factors of 720.
2, 3, 5
What are the prime factors of 4290?
2, 3, 5, 11, 13
List the prime factors of 20709.
3, 13, 59
List the prime factors of 308.
2, 7, 11
What are the prime factors of 190?
2, 5, 19
What are the prime factors of 1358?
2, 7, 97
What are the prime factors of 1213?
1213
What are the prime factors of 27328?
2, 7, 61
What are the prime factors of 1947?
3, 11, 59
What are the prime factors of 112939?
112939
List the prime factors of 27955.
5, 5591
List the prime factors of 3009.
3, 17, 59
List the prime factors of 58071.
3, 13, 1489
List the prime factors of 318.
2, 3, 53
What are the prime factors of 4410?
2, 3, 5, 7
List the prime factors of 18482.
2, 9241
What are the prime factors of 11166?
2, 3, 1861
List the prime factors of 7549.
7549
What are the prime factors of 9497?
9497
What are the prime factors of 3351?
3, 1117
What are the prime factors of 1198?
2, 599
What are the prime factors of 704?
2, 11
What are the prime factors of 1017?
3, 113
List the prime factors of 1421.
7, 29
What are the prime factors of 104970?
2, 3, 5, 3499
List the prime factors of 7970.
2, 5, 797
List the prime factors of 215.
5, 43
What are the prime factors of 106